) + 2*i(s). Give x(-1).
-6
Suppose 3*c = h - 13, -3*c + 0 - 5 = h. Let b(f) = -h*f - f + 6*f. Let w be 9/(-2)*8/12. Calculate b(w).
-3
Suppose -20 = 5*f - 10*f. Suppose 0*t = 5*m - t - 20, -5 = -5*m + f*t. Let p(g) = -g**3 + 6*g**2 - 5*g + 1. What is p(m)?
1
Let u(g) be the second derivative of g**4/12 + g**3/6 + g. Suppose 0 = -d - 6*y + 3, -5*d + 5*y - 3 = 17. Calculate u(d).
6
Let b(q) = q**3 - 15*q**2 + 14*q - 11. Let u = 812 - 798. What is b(u)?
-11
Let g(l) = l**3 + 4*l**2 - 2*l - 2. Let f be g(2). Let y(w) = 17 - f + w + 2*w**3 - w**3. Calculate y(1).
1
Let v(c) = -49*c + 4. Let y(f) = 59*f - 4. Let t(p) = -6*v(p) - 5*y(p). Let a be -1*(-1)/2*-8. What is t(a)?
0
Suppose -4*p - 5*t + 20 = 0, 3*t = -5*p - t + 16. Suppose j + 5 + 1 = p. Let k(b) = 5 + 6*b**2 + 28*b**3 - 49*b**3 + 22*b**3. Give k(j).
5
Suppose -2*f + 11 = z, -4*f + 4*z + 23 - 7 = 0. Let k(g) = 2*g - g + 0*g - f. Give k(0).
-5
Suppose 85 - 83 = -l, -4*j - 5*l = -18. Let b(a) = a**3 - 4*a**2 - 16*a + 2. Give b(j).
37
Let s(c) = -c**3 + 7*c**2 + 2*c - 4. Let m(a) = -a**2 - a + 1. Let g(d) = 2*m(d) - s(d). Calculate g(9).
-30
Let p(o) = o**3 + o**2 + o - 7. Suppose -3*z + 5*z + 8 = 0. Let g be -4 - z - 0 - -2. Suppose 4*l + s = -0*s, g*l - s = 0. Give p(l).
-7
Suppose -93*d = -90*d - 9. Suppose -2*i + d*i = -4*i. Let g(s) = -s + 1. Determine g(i).
1
Suppose 3*o = -3*i + 18, -3*i + 6*i = -o + 14. Let r(s) = -7 + i*s + 1 + 1 - 3. Give r(6).
16
Let h(g) = g**3 - 8*g**2 - 9*g. Let f be (-44)/(-33)*(-5 - 1). Let w(o) = -o**2 - 9*o + 1. Let q be w(f). Determine h(q).
0
Suppose -j + 3*i = j + 7, 4*j + 5*i = -25. Let l(k) = -4*k - 4 + k + 0*k + 2*k. Calculate l(j).
1
Let n(j) = -2 - 1 - 27*j**2 - 1 + 28*j**2 - j + 7. Let o be (2/(-6))/((-2)/(-6)). Let q(s) = -s**3 + 2*s + 1. Let w be q(o). Give n(w).
3
Let m(x) = -79*x + 80*x - 5 - 2 + 0. What is m(-16)?
-23
Let q(f) be the first derivative of -f**4/4 - 2*f**3 - 7*f**2/2 - 3*f - 536. What is q(-4)?
-7
Let z = 23 - 20. Suppose -3 = z*w + 21. Let o(n) = -2*n - 11. Give o(w).
5
Suppose 0 = -2*d + 5 + 1. Suppose -d*o - 17 = f, 3*o + 13 = -3*f - 2. Let k be (-4)/(-1 + (-2)/o). Let v(q) = -q**3 + 5*q**2 + 6*q. What is v(k)?
0
Let t(m) = -m**2 + m. Let j = 14 - 13. Let s(w) = -15*w + 2*w - 6 - j + 3*w**2. Let o(u) = -s(u) - 4*t(u). Calculate o(-7).
-7
Let k be -1 + (-2 + -2)/(-1). Let i(c) = -32*c + 5. Let x(g) = 11*g - 2. Let v(f) = k*i(f) + 8*x(f). Give v(1).
-9
Let c(o) = 7 - o - 3 - 4 + 5. What is c(3)?
2
Let z(w) be the first derivative of 24 + 3*w**2 - 1/3*w**3 + 5*w. Calculate z(7).
-2
Let b be -2 - 16/(-6)*42/14. Let y(s) = -s**3 + 5*s**2 + 4*s - 7. Determine y(b).
-19
Let l be 1 + 1 - 2/(-2). Let x(p) = -260 + 263 + p**2 - 7*p + 3*p. Give x(l).
0
Let n(a) = a**2 + 6*a + 6. Let m = 347 + -351. Calculate n(m).
-2
Let j(v) = -v**3 + v**2 + v - 2. Let f be 2/3 + (7 - 160/24). Determine j(f).
-1
Let o(x) = 27*x**3 + 30*x**2 + 45*x - 15. Let c(g) = 5*g**3 + 6*g**2 + 9*g - 3. Let w(d) = -11*c(d) + 2*o(d). Determine w(-4).
7
Let u(s) = s**2 + s - 2. Let o(h) = -2*h**2 - 2*h + 4. Let t be (-2 - 0) + -5 - -2. Let f(v) = t*u(v) - 3*o(v). Suppose -23*q + 60 = 14. Calculate f(q).
4
Let u(r) be the second derivative of 2*r**3 - r**2 - 178*r. Give u(-1).
-14
Let x be 1*(-3 + (-11)/1). Let n = -12 - x. Let u(t) = -2*t - n*t + 2 + 0*t. What is u(2)?
-6
Let w = 16 + -10. Suppose w - 2 = -4*q. Let p(v) = 7*v**2 - v**2 + 2*v + 0*v + 1 + 0*v. Give p(q).
5
Let y(k) be the second derivative of -k**4/4 - 2*k**3/3 - 3*k**2/2 + 3*k. Let l be (-70)/21 - 1/(-3). Give y(l).
-18
Let v(j) = j**2 + j - 4. Let m be v(-3). Let u(z) = -3*z**m + z**2 - 2*z**2 + 2 - z**3 + 4*z. Suppose 5*f = 10, -21 = 3*w + f - 4*f. What is u(w)?
7
Let y(x) be the second derivative of x**7/840 - x**6/72 - x**5/20 + x**4/24 + 5*x**3/2 - 31*x. Let j(i) be the second derivative of y(i). Determine j(6).
1
Let u(s) = -s + 2 - 2. Let q = -21 - -49. Let f be q/(-49) + (-3)/7. Give u(f).
1
Let a(c) = -c**2. Let u(o) = -o**3 + 5*o**2 + 3*o - 5. Let n(y) = -2*a(y) - u(y). Let g = 24 - 45. Let j = -17 - g. Calculate n(j).
9
Let p(h) = h. Suppose -5*s = -k + 11, -3*s + 0*s - 8 = -2*k. Let m(u) = -2*u - 3. Let y be m(s). What is p(y)?
1
Let y(m) = 3*m - 15. Let x be y(6). Let b(u) be the first derivative of -1/3*u**3 - 12*u + x + 5*u**2. Determine b(8).
4
Let z(m) = -m**3 + 5*m**2 - 5*m + 3. Suppose 0*o + 6 = n - 5*o, o + 6 = 5*n. Let w = n + 19. Let r = 23 - w. Give z(r).
6
Suppose -2*l = w - 2, -l - 5*w - 9 - 8 = 0. Let i(d) = -5*d**2 + 4*d + 2 + 1 - 8 + d**3 + 11 - 9. Calculate i(l).
-9
Let p(z) be the second derivative of -z**3 - 1/12*z**4 - 5/2*z**2 + 2 - 2*z. Calculate p(-5).
0
Let a(c) = 2*c**2 - 3. Let p be a(2). Let h(d) = 3*d + 0*d - 6*d**2 + 4 + d**3 + 0. Give h(p).
-6
Let q(w) = 2*w + 6. Let l(x) = 2*x + 5. Suppose 12*p - 20 = 28. Let j(u) = p*q(u) - 5*l(u). Give j(-3).
5
Let o(z) = -z**2 + 5*z + 9. Suppose -n + 8 = 1. Give o(n).
-5
Suppose -b - 2 + 6 = 0. Let v = b + -6. Let y(p) = 11*p**2 - p + 1. Let h(n) = -9*n**2 - 1. Let d(m) = 4*h(m) + 3*y(m). What is d(v)?
-7
Let h(m) = -m**2 - 7*m + 3. Let n be (-33)/(0 - -11) - 3. What is h(n)?
9
Let l(m) = -6*m**3 + 2*m**2 - 2*m + 1. Suppose -6 = -35*f + 29*f. What is l(f)?
-5
Let q be 91/21 + (-10)/(-6). Let k(z) = z**3 - 6*z**2 + z - 2. Determine k(q).
4
Let o(d) = d**2 - 3*d**2 + 2066*d + 4 - 2072*d + 1 + d**2. Let r(z) = 0*z + 4*z - 2*z - 4 - z**2. Let t be r(3). Give o(t).
-2
Let h be ((-21)/(-42))/((-3)/6). Let c(m) = -7*m - 2. What is c(h)?
5
Suppose 3*f - 12 + 9 = 0, -5*j = -4*f + 24. Let g(r) = r**3 + 3*r**2 + 2*r + 1. Calculate g(j).
-23
Let z be 10/35 + (-2)/7. Let f(i) be the first derivative of -i**6/360 - 7*i**4/24 - 4*i**3/3 + 3. Let c(m) be the third derivative of f(m). Determine c(z).
-7
Let p(j) = -j**3 - 351*j + 4*j**2 + 352*j - 27 + 25. Calculate p(4).
2
Let u(k) = k**3 - 5*k**2 - 3*k - 8. Let z = -351 + 357. What is u(z)?
10
Suppose -q + 3 = -1. Suppose 2*j = -q, 0*k + k - 4*j = 5. Let d(o) = 7 - 4*o - 16*o**2 + 14*o**2 - 3 + 2*o. Determine d(k).
-8
Let r(n) = 2*n - 17. Let t(s) = s**3 - 8*s**2 + 6*s + 4. Let m be t(7). Let c(y) = -5*y + 34. Let q(w) = m*c(w) - 7*r(w). Give q(-9).
8
Let o = -3 + 5. Let b(p) = 1 - 1 - 1 - p**o + 4*p**2. What is b(-1)?
2
Let t(h) = -h + 2. Suppose w - 15 = -2*z, -5*z + 11*w - 6*w = -15. Give t(z).
-4
Let o(s) = -s**2 - 3*s + 1. Let f(b) = -7*b**2 - 13*b + 7. Let x(y) = -f(y) + 6*o(y). What is x(5)?
-1
Let g(x) = x**2 - 5*x + 2. Let w be 2/7 - 99/(-21). Suppose m = -0*m + 4*u + 25, 0 = -4*m - 5*u - w. Calculate g(m).
2
Let y(o) = 13*o**2 - 65*o + 29. Let w(g) = 7*g**2 - 34*g + 15. Let a(t) = -11*w(t) + 6*y(t). Calculate a(16).
9
Let j = 13 + -11. Suppose -4*d = -3*b + 8*b - 6, 4*b - 6 = -2*d. Let h(z) = 7*z - b - 4 - 20*z**2 + 21*z**j. Determine h(-6).
-12
Let b(i) = -i**2 - 1. Let j = 26 - 28. Calculate b(j).
-5
Let r(h) = -h**2 + 20*h - 37. Let m = -47 + 65. Let g be r(m). Let x(d) = 8*d**2 - 1. Determine x(g).
7
Let k(o) = o - 3. Let b be (3 - (1 - 2))*-33. Let d be 1/(-4) + b/(-16). Let h = d + -13. Give k(h).
-8
Let h be (-6)/(-4)*64/(-24). Let k be 3*1*h/(-6). Suppose -k*v - 14 = d, -4*v - d - 40 = 4*d. Let a(j) = j**2 + 4*j - 6. Determine a(v).
-1
Let b(c) = 22*c - 1. Let t(p) = 5 + p - 9 - 5. Let m be t(8). Calculate b(m).
-23
Let z(i) be the first derivative of i - 1/2*i**2 + 1/3*i**3 + 21 + 1/4*i**4. Determine z(-3).
-14
Let t = 105 - 111. Let q(x) = -2*x + 12. Let y(k) = 6*k - 35. Let w(n) = -17*q(n) - 6*y(n). What is w(t)?
18
Let g(p) = -2 + 3 + 2*p - 3*p. Let h(z) = 4*z + 2. Let m(q) = -2*q**2 - 8*q - 11. Let s be m(-2). Let w(v) = s*g(v) + h(v). Determine w(1).
6
Let v(g) be the third derivative of g**5/60 + g**4/8 + 2*g**3/3 - 3*g**2. Let r be ((-1)/3)/((-4)/36). Suppose -16 = h + r*h. Give v(h).
8
Let f = 82 + -99. Let q(a) = a**2 + 18*a + 9. What is q(f)?
-8
Suppose t + 16 = 4*w, -4*w + w - 2*t + 12 = 0. Let c(z) = -2*z**2 - z**3 - w*z**2 - 5 - 39*z + 0 + 37*z. Determine c(-6).
7
Suppose -36 = -44*m + 53*m. Let b(j) = -10*j - 14. Give b(m).
26
Let c(z) = -z**3 + 7*z**2 - 2*z + 9. Let a = 1739 + -1733. Determine c(a).
33
Let z(c) = c + 7. Let u(v) = -1. Let m(b) = 40*u(b) + 5*z(b). Let r(o) = -4*o + 6. Let a(h) = -5*m(h) - 4*r(h). Determine a(1).
-8
Let v(g) be the first 